+ 9*y + 22. Let n be m(11). Suppose 0 = 2*h + 2, a + 8*h - 9*h - 38 = n. Calculate the highest common divisor of a and 185.
37
Suppose 925 + 2339 = 12*q. What is the highest common factor of 102 and q?
34
Suppose k - 3*d - 18 = -2, -3*k = 4*d - 113. Calculate the highest common factor of k and 31.
31
Suppose 4*h - 4*i - 20 = 0, 5*i + 2 + 5 = -h. Suppose -22 = 3*p - 103. What is the greatest common factor of h and p?
3
Let x be (-98)/(-4) - 119/(-34). Suppose 5*m - 2*m = 5*h - 4, m = -5*h + 32. Calculate the greatest common factor of x and m.
7
Let a be ((-14)/5)/(6 + (-366)/60). What is the highest common factor of a and 826?
14
Suppose -5*c = -3*b - 10, 2*c = -5*b + 1 + 34. Suppose 0 = 3*n - 2*l + 2, -c*n + 5*l = -2 - 3. Let h = n + 10. What is the highest common factor of h and 9?
3
Suppose -9*u = -10*u + 12. Let z = 88 - -20. What is the highest common factor of z and u?
12
Let l be (-3)/(-12) + 1420/16. Let s = l - 23. Calculate the highest common factor of 6 and s.
6
Let h be (17/34)/((-2)/8). Let q be (h - -1) + 0 - -4. Suppose 9 = 3*w, -6 - 3 = -q*b + 5*w. What is the highest common divisor of 32 and b?
8
Let k = 14 - 11. Suppose 76 = -k*a + 262. Let q be a/4 + (-3)/2. Calculate the highest common divisor of q and 70.
14
Suppose -4*i - 3*j - 28 = -71, 3*i - 42 = j. Let r = -237 - -302. What is the greatest common factor of i and r?
13
Let x(p) = -p**3 - 9*p**2 + 6*p - 6. Let z be x(-10). Calculate the greatest common factor of 136 and z.
34
Let q = 351 - 283. Calculate the greatest common factor of q and 306.
34
Suppose 3*k = 8*k - 225. Let t = -10 + k. Let y be (-124)/(-16) - 15/20. Calculate the highest common divisor of y and t.
7
Let n be (1 + 5)/(15 - (-5268)/(-352)). What is the greatest common divisor of 66 and n?
22
Let f be ((-1)/1)/(2/(-94)). Let z = f - 43. What is the highest common divisor of z and 10?
2
Let q = 12 + 11. Let s be (18 + -20)*(-3 - 20). Calculate the greatest common divisor of s and q.
23
Let b(c) = c**3 + 16*c**2 + 19*c - 28. Let h be (-80)/6 + (-10)/15. Let z be b(h). Calculate the highest common divisor of 14 and z.
14
Suppose -39*r = -43*r + 12. Suppose -r*g = 6*g - 81. What is the highest common factor of g and 63?
9
Let b(c) = c. Let x(p) = 50*p + 2. Let f(i) = 8*b(i) + x(i). Let w be f(-2). Let k = w + 254. What is the highest common factor of 28 and k?
28
Let g(t) = 2*t**3 - t**2 + 2*t + 1. Let m(n) = n**3 - 4*n**2 + 3*n + 2. Let i be m(3). Let w be g(i). Calculate the highest common divisor of w and 85.
17
Suppose o + 2*l = -96, 2*o - 6*o + 4*l = 444. Let c = 130 + o. What is the greatest common divisor of 192 and c?
24
Suppose -27 = h - 25. Let f be 5*h*(4 - 108/20). Calculate the greatest common divisor of f and 112.
14
Let p = -273 - -401. Suppose 0 = 3*q - 5*q + p. Calculate the highest common factor of q and 16.
16
Let s(r) = -r**3 + 7*r**2 + 16*r - 14. Let x be s(8). Suppose y = 6*y - x. What is the highest common divisor of y and 25?
5
Let n be 325 - (0 + (0 - -1)). Suppose 19*m = 7*m + n. Let w(s) = 3*s**2 + 9*s - 3. Let f be w(-7). Calculate the greatest common divisor of f and m.
27
Let p = -94 + 274. What is the greatest common divisor of 144 and p?
36
Let y(j) = -6 + 40*j - 41*j + 0. Let n be y(-11). Suppose -5*t - n*h = -h - 90, -4*h = 0. What is the highest common factor of 2 and t?
2
Let a = -56 - -83. Suppose -10*q - 12 + 52 = 0. Let d(g) = 6*g**2 + 4*g - 4. Let k be d(q). What is the greatest common factor of a and k?
27
Suppose -96*m + 165 = -85*m. Calculate the highest common divisor of m and 80.
5
Suppose -3*h - 5 = -8*h. Suppose h + 41 = u. Calculate the greatest common factor of 6 and u.
6
Suppose -780 = 2*r - 32*r. What is the greatest common divisor of r and 169?
13
Let m(o) = 4*o**3 + 3*o**2 + o - 10. Let x be m(-3). Let t = -80 - x. What is the greatest common divisor of 56 and t?
14
Suppose 0 = 3*r - 5*r - 3*z + 515, -4*r - z + 1015 = 0. What is the greatest common factor of r and 69?
23
Suppose 3*u - 3*c - 50 = -2, 0 = -3*u - 3*c + 42. Let p be u/(-30)*(-343 + 1). Calculate the greatest common factor of 19 and p.
19
Suppose -165 - 135 = -20*x. Suppose b - 1 = n - 2*n, 0 = -5*b - 4*n + 10. What is the highest common divisor of b and x?
3
Let q(h) = h + 13. Let t be q(-13). Suppose -4*m + 20 = -t*m. Suppose -i - 4*i + 225 = 0. What is the greatest common factor of m and i?
5
Suppose -225 = -9*t + 117. Calculate the highest common factor of t and 19.
19
Let a be (-79)/5 - 9/45. Let j be a/(-6)*(17 + -2). Calculate the greatest common divisor of j and 30.
10
Let s be -2 + (-2 - -57) - -1. Let t(y) = -18*y**3 + 4*y - 1. Let n be t(-2). Calculate the highest common divisor of s and n.
27
Let m be (140/(-49))/(6/(-21)). Let t be (-63)/(-27) - m/(-6). Calculate the highest common divisor of 12 and t.
4
Let a be ((-2)/6)/(4/(-48)). Let z be (0/(a - 8))/(-2). Suppose z = -2*l + l + 15. What is the greatest common divisor of 15 and l?
15
Let w(i) = i + 4. Let q be w(0). Suppose q*p - 2*s = 62, 0*p - 2*s = -2*p + 34. Calculate the greatest common divisor of 14 and p.
14
Let t be (15 + -3)/4 + 0. Suppose 5*l - 30 = -3*m + 1, 0 = -t*l - 12. Let j be (1 + -2)*-15 - -2. Calculate the highest common factor of m and j.
17
Let m be -1 + -1*(-109 - 0). Let x be (4/(-10))/(3 + (-62)/20). Suppose 0 = x*u - 208 + 160. Calculate the highest common factor of m and u.
12
Suppose 0 = 2*g + 35 + 25. Let c = g + 60. Let q = -46 - -76. Calculate the highest common factor of c and q.
30
Let d = 1730 + -1670. Let x = 4 - -11. Calculate the highest common divisor of d and x.
15
Suppose 3*r + 165 = 6*r. Let k be (r/(-15) - 1)*-3. Calculate the greatest common divisor of k and 112.
14
Let m be (30 + -35)*((-371)/5 + -1). What is the greatest common divisor of 8 and m?
8
Let a = -878 + 922. What is the highest common factor of 154 and a?
22
Let f(l) = -39*l - 1. Let g be f(1). Let w be ((-1)/3)/(1 - g/(-36)). What is the greatest common factor of w and 3?
3
Suppose 40*k - 4*k = 1584. What is the greatest common divisor of k and 55?
11
Let x(k) = -46*k - 510. Let p be x(-13). Let z = 1 - 1. Suppose -4*q + 36 + 52 = z. What is the highest common divisor of q and p?
22
Let n(v) = -v**3 + 5*v**2 + 3*v - 40. Let u be n(-8). What is the greatest common divisor of u and 12?
12
Let y be ((-30)/6 - -9)/((-2)/(-4)). What is the greatest common factor of y and 152?
8
Let a(s) = -s + 5. Let u be a(5). Suppose u*i = 5*i + 4*j - 164, 80 = 2*i - 2*j. What is the highest common factor of i and 54?
18
Let z = -648 - -988. Calculate the greatest common divisor of 85 and z.
85
Let i be (1*(-204)/9)/(2/(-3)). Suppose 2*l + 4*f = 50, 5*f - i + 204 = 5*l. Calculate the greatest common divisor of 31 and l.
31
Suppose -i + 0*i + 17 = 0. Let v = 7 + 2. Let m = v + 25. What is the highest common factor of m and i?
17
Suppose -10*n + 5*n = -15. Let m be (-4)/(-2) - (n + -5). Suppose 0 = -2*y - 2*y - 20, 0 = -a - m*y - 5. What is the highest common divisor of 5 and a?
5
Suppose g - 2*q = 58, -6*g = -g + 3*q - 355. Let d = g - 58. Calculate the highest common factor of 110 and d.
10
Let o be (36/(-6) + 10)/((-2)/(-104)). What is the highest common factor of o and 26?
26
Suppose 26*h + 45 = 31*h. What is the greatest common factor of 144 and h?
9
Let z = 46 - 27. Suppose -3*k = 2*k - 50. Suppose k*q - 133 - 1767 = 0. What is the highest common divisor of q and z?
19
Suppose -48 = 5*g - 4*i, 2*g = 4*i - 30 + 6. Let n be ((-6)/(96/260))/(2/g). Calculate the highest common factor of n and 26.
13
Let l be (-203)/(-14) + (-2)/4. Let z be l*((-16)/(-2) + 1). Suppose 22 = 2*m - 14. Calculate the greatest common divisor of m and z.
18
Let o = -810 - -1210. What is the greatest common factor of o and 560?
80
Suppose 4*h + 12 = h. Let z(r) = -13*r + 16. Let q be z(h). Calculate the highest common divisor of 17 and q.
17
Suppose 33*o - 13*o = 1360. Let v be 3 - (-5)/(5/14). What is the highest common divisor of v and o?
17
Suppose -5*b - 95 - 85 = -s, -4*b = -s + 185. Calculate the highest common divisor of 164 and s.
41
Suppose -2856 = -46*y + 12*y. Calculate the highest common factor of 63 and y.
21
Suppose -4*g = g - 25. Let n(l) = -l**2 + 11*l - 17. Let a be n(8). Suppose a*y - 130 = 185. Calculate the greatest common factor of g and y.
5
